of 41 and 205.
41
Calculate the greatest common factor of 685 and 5.
5
Calculate the highest common factor of 579 and 10615.
193
Calculate the highest common divisor of 299 and 91.
13
What is the greatest common divisor of 1300 and 312?
52
What is the greatest common factor of 273 and 1248?
39
What is the greatest common divisor of 315 and 81?
9
What is the greatest common divisor of 168 and 24?
24
Calculate the greatest common divisor of 336 and 448.
112
What is the greatest common factor of 390 and 13962?
78
What is the greatest common factor of 123 and 697?
41
What is the highest common factor of 2183 and 74?
37
What is the greatest common factor of 748 and 612?
68
What is the highest common divisor of 12 and 2172?
12
Calculate the highest common divisor of 2768 and 32.
16
What is the greatest common factor of 1215 and 60?
15
Calculate the highest common divisor of 40 and 155.
5
What is the greatest common factor of 896 and 14?
14
What is the greatest common divisor of 77 and 231?
77
Calculate the highest common divisor of 423 and 329.
47
What is the highest common factor of 48 and 7712?
16
Calculate the greatest common divisor of 9070 and 50.
10
Calculate the greatest common factor of 210 and 120.
30
What is the highest common divisor of 148 and 8?
4
Calculate the greatest common divisor of 2277 and 1265.
253
Calculate the highest common factor of 748 and 493.
17
What is the highest common factor of 55 and 1705?
55
Calculate the greatest common factor of 738 and 656.
82
What is the highest common factor of 3264 and 51?
51
Calculate the highest common divisor of 65 and 39.
13
Calculate the greatest common divisor of 77 and 2167.
11
Calculate the greatest common factor of 21 and 609.
21
Calculate the greatest common factor of 22464 and 52.
52
Calculate the highest common divisor of 9 and 477.
9
Calculate the highest common factor of 3979 and 575.
23
What is the greatest common factor of 5027 and 14167?
457
Calculate the highest common factor of 42 and 300.
6
Calculate the greatest common divisor of 100 and 550.
50
What is the highest common factor of 5 and 25?
5
Calculate the greatest common divisor of 1216 and 722.
38
Calculate the greatest common divisor of 37284 and 234.
78
Calculate the greatest common divisor of 6 and 102.
6
Calculate the highest common factor of 1 and 59.
1
What is the highest common factor of 64 and 1472?
64
What is the highest common divisor of 80 and 10?
10
Calculate the highest common divisor of 45 and 180.
45
What is the greatest common factor of 158 and 869?
79
Calculate the greatest common divisor of 84 and 96.
12
Calculate the highest common factor of 159 and 1696.
53
What is the highest common factor of 160 and 100?
20
What is the greatest common factor of 48 and 320?
16
Calculate the highest common divisor of 145 and 1247.
29
What is the greatest common divisor of 30 and 24?
6
Calculate the highest common factor of 81 and 297.
27
Calculate the greatest common divisor of 224 and 6160.
112
What is the highest common factor of 56 and 64?
8
What is the greatest common factor of 2 and 43?
1
What is the highest common factor of 24201 and 18?
9
What is the greatest common factor of 330 and 44?
22
Calculate the greatest common divisor of 27 and 441.
9
Calculate the greatest common divisor of 132 and 33.
33
What is the highest common factor of 1859 and 11?
11
Calculate the highest common factor of 4251 and 39.
39
Calculate the greatest common divisor of 27 and 414.
9
What is the greatest common factor of 540 and 12?
12
What is the highest common divisor of 82 and 2337?
41
Calculate the greatest common divisor of 55 and 4565.
55
What is the greatest common divisor of 143 and 198?
11
Calculate the highest common divisor of 21 and 2597.
7
Calculate the greatest common divisor of 85 and 255.
85
Calculate the greatest common divisor of 117 and 27.
9
What is the highest common divisor of 522 and 18?
18
What is the greatest common divisor of 408 and 600?
24
Calculate the highest common divisor of 33 and 264.
33
Calculate the greatest common divisor of 148 and 4662.
74
What is the greatest common divisor of 322 and 1748?
46
Calculate the greatest common divisor of 170 and 60.
10
Calculate the highest common divisor of 11 and 968.
11
Calculate the greatest common factor of 1551 and 264.
33
Calculate the greatest common divisor of 294 and 18.
6
Calculate the greatest common factor of 224 and 96.
32
Calculate the highest common divisor of 364 and 52.
52
Calculate the highest common factor of 646 and 3002.
38
What is the highest common factor of 133 and 132335?
133
Calculate the highest common divisor of 40 and 1208.
8
Calculate the greatest common factor of 48 and 303.
3
What is the greatest common divisor of 2824 and 5295?
353
Calculate the highest common factor of 1169 and 21.
7
What is the highest common factor of 2988 and 36?
36
Calculate the greatest common factor of 1230 and 2091.
123
Calculate the highest common factor of 56 and 6432.
8
What is the highest common factor of 33 and 10978?
11
What is the highest common divisor of 340 and 20?
20
What is the highest common factor of 336 and 2100?
84
What is the highest common factor of 12 and 4260?
12
What is the greatest common divisor of 230 and 10?
10
What is the highest common divisor of 246 and 1025?
41
Calculate the highest common factor of 169 and 65.
13
Calculate the highest common factor of 4664 and 1672.
88
Calculate the greatest common factor of 207 and 161.
23
What is the greatest common factor of 30 and 66?
6
Calculate the highest common divisor of 68 and 238.
34
What is the greatest common divisor of 2405 and 2035?
185
Calculate the greatest common divisor of 22 and 242.
22
Calculate the greatest common factor of 480 and 420.
60
What is the highest common factor of 140 and 460?
20
What is the greatest common divisor of 82 and 41?
41
What is the highest common divisor of 114 and 152?
38
What is the greatest common factor of 637 and 1568?
49
Calculate the greatest common divisor of 651 and 105.
21
Calculate the greatest common factor of 66 and 1364.
22
What is the highest common divisor of 420 and 2660?
140
What is the greatest common factor of 41 and 41?
41
Calculate the greatest common divisor of 1054 and 187.
17
What is the greatest common factor of 65 and 10?
5
Calculate the highest common divisor of 315 and 35.
35
What is the highest common divisor of 2130 and 20?
10
Calculate the greatest common divisor of 77 and 21.
7
Calculate the greatest common divisor of 13 and 13.
13
Calculate the greatest common factor of 28 and 56.
28
Calculate the greatest common factor of 210 and 525.
105
What is the highest common factor of 600 and 24?
24
Calculate the highest common factor of 2256 and 528.
48
What is the greatest common factor of 144 and 117?
9
What is the highest common factor of 7526 and 318?
106
What is the highest common factor of 266 and 28?
14
Calculate the highest common divisor of 69 and 1242.
69
What is the greatest common divisor of 60 and 162?
6
What is the greatest common divisor of 15 and 6?
3
What is the highest common divisor of 73 and 5767?
73
Calculate the highest common factor of 15 and 21.
3
Calculate the greatest common divisor of 13 and 6344.
13
What is the highest common factor of 62 and 62?
62
What is the greatest common factor of 35 and 56?
7
Calculate the highest common factor of 13 and 38415.
13
What is the highest common divisor of 3290 and 630?
70
Calculate the highest common factor of 72 and 162.
18
Calculate the highest common divisor of 48 and 168.
24
What is the greatest common factor of 273 and 26?
13
Calculate the greatest common divisor of 100 and 175.
25
Calculate the greatest common factor of 9 and 3951.
9
What is the greatest common divisor of 23541 and 531?
177
Calculate the highest common factor of 282 and 6.
6
Calculate the greatest common factor of 1440 and 80.
80
Calculate the highest common factor of 39 and 1248.
39
Calculate the greatest common factor of 713 and 23.
23
What is the greatest common divisor of 5151 and 303?
303
Calculate the greatest common divisor of 1098 and 27.
9
Calculate the highest common divisor of 275 and 154.
11
What is the highest common divisor of 126 and 414?
18
What is the greatest common